{"id":61,"date":"2020-03-29T12:04:36","date_gmt":"2020-03-29T12:04:36","guid":{"rendered":"http:\/\/spd-atter.de\/?page_id=61"},"modified":"2026-08-09T14:18:51","modified_gmt":"2026-08-09T14:18:51","slug":"impressum","status":"publish","type":"page","link":"https:\/\/spd-eversburg.de\/?page_id=61","title":{"rendered":"Impressum \/ Transparenzhinweis"},"content":{"rendered":"\n<h6 class=\"wp-block-heading\">Angaben gem\u00e4\u00df \u00a7 5 TMG:<\/h6>\n\n\n\n<p class=\"wp-block-paragraph\">Sozialdemokratische Partei Deutschlands (SPD)<br>SPD Ortsverein Eversburg<br>vertreten durch: Heiko Panzer<br>Anna-Marquard-Stra\u00dfe 2<br>49090 Osnabr\u00fcck<br>Telefon: 0151-70051737<br>heiko.panzer@osnanet.de<\/p>\n\n\n\n<h6 class=\"wp-block-heading\">Verantwortlich f\u00fcr den Inhalt nach \u00a7 55 Abs. 2 RStV:<\/h6>\n\n\n\n<p class=\"wp-block-paragraph\"><br>Heiko Panzer<br>Anna-Marquard-Stra\u00dfe 2<br>49090 Osnabr\u00fcck<\/p>\n\n\n\n<p class=\"wp-block-paragraph\">Alle Texte, alle Fotos, alle Gestaltungselemente dieses Servers sind &#8211; sofern nicht ein anderer Urheberrechtsinhaber (bzw. Verwertungsberechtigter) angegeben ist &#8211; f\u00fcr SPD-Eversburg urheberrechtlich gesch\u00fctzt. Jede Verwertung ohne Zustimmung SPD-Unterbezirk Osnabr\u00fcck-Stadt ist unzul\u00e4ssig. SPD-Eversburg erteilt seine Zustimmung zur Verwertung der urheberrechtsrelevanten Elemente auf dieser Seite f\u00fcr die Gestaltung der Internetseiten der regionalen Gliederungen der SPD, soweit kein gekennzeichneter Urheberrechtsvermerk zugunsten eines Dritten besteht. Soweit als Urheberrechtsinhaber (bzw. Verwertungsberechtigter) ein Dritter angegeben ist, m\u00fcssen die Verwertungsrechte vor entsprechender Nutzung von diesem erworben werden.<\/p>\n\n\n\n<p class=\"wp-block-paragraph\">Wir haben auf unseren Seiten Links zu anderen Seiten im Internet. F\u00fcr alle diese Links gilt, dass wir keinerlei Einfluss auf die Gestaltung und die Inhalte der gelinkten Seiten haben. Deswegen \u00fcbernehmen wir auch keinerlei Verantwortung f\u00fcr Inhalt und Gestaltung dieser Seiten. Diese Erkl\u00e4rung gilt f\u00fcr alle auf unserer Internetpr\u00e4senz angezeigten Links und f\u00fcr alle Inhalte der Seiten, zu denen die bei uns angemeldeten Banner und Links f\u00fchren.<\/p>\n\n\n\n<h5 class=\"wp-block-heading\">Transparenzhinweis<\/h5>\n\n\n\n<p class=\"wp-block-paragraph\">Dieser Transparenzhinweis beinhaltet Informationen, die gem\u00e4\u00df Art. 11 Abs. 1 und Art. 12 Abs. 1 der Verordnung (EU) 2024\/900 vom 13. M\u00e4rz 2024 \u00fcber die Transparenz und das Targeting politischer Werbung (TTPW-VO) mit jeder politischen Werbung bereitgestellt werden m\u00fcssen.<\/p>\n\n\n\n<p class=\"wp-block-paragraph\"><strong>Sponsor der politischen Anzeige<\/strong><br>SPD Osnabr\u00fcck-Stadt, Ortsverein SPD-Eversburg \/ Natruper Tor<\/p>\n\n\n\n<p class=\"wp-block-paragraph\">Lengericher Landstra\u00dfe 19B, 49078 Osnabr\u00fcck<br>E-Mail: buero.osnabrueck@spd.de<\/p>\n\n\n\n<p class=\"wp-block-paragraph\"><strong>Zeitraum der Ver\u00f6ffentlichung<\/strong><br>Die politischen Anzeigen werden im Rahmen des Wahlkampfs zur Kommunal- und Oberb\u00fcrgermeisterwahl 2026 in Niedersachsen (Osnabr\u00fcck) im Zeitraum vom 21.07.2026 bis 27.09.2026 ver\u00f6ffentlicht oder verbreitet.<\/p>\n\n\n\n<p class=\"wp-block-paragraph\"><strong>Angaben zur Finanzierung<\/strong><br>Das Budget f\u00fcr die Anzeigen im\u00a0<\/p>\n\n\n\n<p class=\"wp-block-paragraph\"><strong>Stadtteilblatt<\/strong>\u00a0(Druckerei Rietbrock, Hartmut Rietbrock, Natruper Stra\u00dfe 87, 49170 Hagen a.T.W.) umfasst insgesamt 2.400 \u20ac.<\/p>\n\n\n\n<p class=\"wp-block-paragraph\">Quelle der Mittel: Finanzielle Mittel der Partei, Ursprung der Mittel: innerhalb der Europ\u00e4ischen Union, Methode: Sch\u00e4tzung<\/p>\n\n\n\n<p class=\"wp-block-paragraph\"><strong>Anlass \/ Politischer Zusammenhang<\/strong><br>Kommunal- und Oberb\u00fcrgermeisterwahl 2026 in Niedersachsen (Osnabr\u00fcck), siehe auch https:\/\/demokratisch.osnabrueck.de\/de\/wahlen\/kommunalwahl-und-direktwahl-2026\/<\/p>\n\n\n\n<p class=\"wp-block-paragraph\"><strong>Angaben zum Herausgeber der politischen Werbung und Hinweise auf m\u00f6glicherweise unzul\u00e4ssige politische Anzeigen<\/strong><br><strong>Stadtteilblatt<\/strong><br>(Druckerei Rietbrock, Hartmut Rietbrock, Natruper Stra\u00dfe 87, 49170 Hagen a.T.W., Telefon\u00a0<a href=\"tel:(05405) 9805-0\">(05405) 9805-0<\/a>, Fax\u00a0<a href=\"tel:(05405) 9805-20\">(05405) 9805-20<\/a>, E-Mail: info@rietbrock.de<\/p>\n\n\n\n<p class=\"wp-block-paragraph\"><strong>Asprechpartner*in<\/strong><br>Anforderungen der TTPW-VO nicht erf\u00fcllt? Bitte Meldung per E-Mail an buero.osnabrueck@spd.de Kommunalwahl 2026<\/p>\n\n\n\n<p class=\"wp-block-paragraph\">Dieser Transparenzhinweis beinhaltet Informationen, die gem\u00e4\u00df Art. 11 Abs. 1 und Art. 12 Abs. 1 der Verordnung (EU) 2024\/900 vom 13. M\u00e4rz 2024 \u00fcber die Transparenz und das Targeting politischer Werbung (TTPW-VO) mit jeder politischen Werbung bereitgestellt werden m\u00fcssen.<\/p>\n\n\n\n<p class=\"wp-block-paragraph\"><\/p>\n","protected":false},"excerpt":{"rendered":"<p>Angaben gem\u00e4\u00df \u00a7 5 TMG: Sozialdemokratische Partei Deutschlands (SPD)SPD Ortsverein Eversburgvertreten durch: Heiko PanzerAnna-Marquard-Stra\u00dfe 249090 Osnabr\u00fcckTelefon: 0151-70051737heiko.panzer@osnanet.de Verantwortlich f\u00fcr den Inhalt nach \u00a7 55 Abs. 2 RStV: Heiko PanzerAnna-Marquard-Stra\u00dfe 249090 Osnabr\u00fcck Alle Texte, alle Fotos, alle Gestaltungselemente dieses Servers sind &#8211; sofern nicht ein anderer Urheberrechtsinhaber (bzw. Verwertungsberechtigter) angegeben ist &#8211; f\u00fcr SPD-Eversburg urheberrechtlich gesch\u00fctzt. &hellip; <a href=\"https:\/\/spd-eversburg.de\/?page_id=61\" class=\"more-link\"><span class=\"screen-reader-text\">\u201eImpressum \/ Transparenzhinweis\u201c <\/span>weiterlesen<\/a><\/p>\n","protected":false},"author":1,"featured_media":0,"parent":0,"menu_order":0,"comment_status":"closed","ping_status":"closed","template":"","meta":{"footnotes":""},"class_list":["post-61","page","type-page","status-publish","hentry"],"_links":{"self":[{"href":"https:\/\/spd-eversburg.de\/index.php?rest_route=\/wp\/v2\/pages\/61","targetHints":{"allow":["GET"]}}],"collection":[{"href":"https:\/\/spd-eversburg.de\/index.php?rest_route=\/wp\/v2\/pages"}],"about":[{"href":"https:\/\/spd-eversburg.de\/index.php?rest_route=\/wp\/v2\/types\/page"}],"author":[{"embeddable":true,"href":"https:\/\/spd-eversburg.de\/index.php?rest_route=\/wp\/v2\/users\/1"}],"replies":[{"embeddable":true,"href":"https:\/\/spd-eversburg.de\/index.php?rest_route=%2Fwp%2Fv2%2Fcomments&post=61"}],"version-history":[{"count":5,"href":"https:\/\/spd-eversburg.de\/index.php?rest_route=\/wp\/v2\/pages\/61\/revisions"}],"predecessor-version":[{"id":749,"href":"https:\/\/spd-eversburg.de\/index.php?rest_route=\/wp\/v2\/pages\/61\/revisions\/749"}],"wp:attachment":[{"href":"https:\/\/spd-eversburg.de\/index.php?rest_route=%2Fwp%2Fv2%2Fmedia&parent=61"}],"curies":[{"name":"wp","href":"https:\/\/api.w.org\/{rel}","templated":true}]}}

<h6 class="wp-block-heading">Angaben gemäß § 5 TMG:</h6>



<p class="wp-block-paragraph">Sozialdemokratische Partei Deutschlands (SPD)<br>SPD Ortsverein Eversburg<br>vertreten durch: Heiko Panzer<br>Anna-Marquard-Straße 2<br>49090 Osnabrück<br>Telefon: 0151-70051737<br>heiko.panzer@osnanet.de</p>



<h6 class="wp-block-heading">Verantwortlich für den Inhalt nach § 55 Abs. 2 RStV:</h6>



<p class="wp-block-paragraph"><br>Heiko Panzer<br>Anna-Marquard-Straße 2<br>49090 Osnabrück</p>



<p class="wp-block-paragraph">Alle Texte, alle Fotos, alle Gestaltungselemente dieses Servers sind &#8211; sofern nicht ein anderer Urheberrechtsinhaber (bzw. Verwertungsberechtigter) angegeben ist &#8211; für SPD-Eversburg urheberrechtlich geschützt. Jede Verwertung ohne Zustimmung SPD-Unterbezirk Osnabrück-Stadt ist unzulässig. SPD-Eversburg erteilt seine Zustimmung zur Verwertung der urheberrechtsrelevanten Elemente auf dieser Seite für die Gestaltung der Internetseiten der regionalen Gliederungen der SPD, soweit kein gekennzeichneter Urheberrechtsvermerk zugunsten eines Dritten besteht. Soweit als Urheberrechtsinhaber (bzw. Verwertungsberechtigter) ein Dritter angegeben ist, müssen die Verwertungsrechte vor entsprechender Nutzung von diesem erworben werden.</p>



<p class="wp-block-paragraph">Wir haben auf unseren Seiten Links zu anderen Seiten im Internet. Für alle diese Links gilt, dass wir keinerlei Einfluss auf die Gestaltung und die Inhalte der gelinkten Seiten haben. Deswegen übernehmen wir auch keinerlei Verantwortung für Inhalt und Gestaltung dieser Seiten. Diese Erklärung gilt für alle auf unserer Internetpräsenz angezeigten Links und für alle Inhalte der Seiten, zu denen die bei uns angemeldeten Banner und Links führen.</p>



<h5 class="wp-block-heading">Transparenzhinweis</h5>



<p class="wp-block-paragraph">Dieser Transparenzhinweis beinhaltet Informationen, die gemäß Art. 11 Abs. 1 und Art. 12 Abs. 1 der Verordnung (EU) 2024/900 vom 13. März 2024 über die Transparenz und das Targeting politischer Werbung (TTPW-VO) mit jeder politischen Werbung bereitgestellt werden müssen.</p>



<p class="wp-block-paragraph"><strong>Sponsor der politischen Anzeige</strong><br>SPD Osnabrück-Stadt, Ortsverein SPD-Eversburg / Natruper Tor</p>



<p class="wp-block-paragraph">Lengericher Landstraße 19B, 49078 Osnabrück<br>E-Mail: buero.osnabrueck@spd.de</p>



<p class="wp-block-paragraph"><strong>Zeitraum der Veröffentlichung</strong><br>Die politischen Anzeigen werden im Rahmen des Wahlkampfs zur Kommunal- und Oberbürgermeisterwahl 2026 in Niedersachsen (Osnabrück) im Zeitraum vom 21.07.2026 bis 27.09.2026 veröffentlicht oder verbreitet.</p>



<p class="wp-block-paragraph"><strong>Angaben zur Finanzierung</strong><br>Das Budget für die Anzeigen im </p>



<p class="wp-block-paragraph"><strong>Stadtteilblatt</strong> (Druckerei Rietbrock, Hartmut Rietbrock, Natruper Straße 87, 49170 Hagen a.T.W.) umfasst insgesamt 2.400 €.</p>



<p class="wp-block-paragraph">Quelle der Mittel: Finanzielle Mittel der Partei, Ursprung der Mittel: innerhalb der Europäischen Union, Methode: Schätzung</p>



<p class="wp-block-paragraph"><strong>Anlass / Politischer Zusammenhang</strong><br>Kommunal- und Oberbürgermeisterwahl 2026 in Niedersachsen (Osnabrück), siehe auch https://demokratisch.osnabrueck.de/de/wahlen/kommunalwahl-und-direktwahl-2026/</p>



<p class="wp-block-paragraph"><strong>Angaben zum Herausgeber der politischen Werbung und Hinweise auf möglicherweise unzulässige politische Anzeigen</strong><br><strong>Stadtteilblatt</strong><br>(Druckerei Rietbrock, Hartmut Rietbrock, Natruper Straße 87, 49170 Hagen a.T.W., Telefon <a href="tel:(05405) 9805-0">(05405) 9805-0</a>, Fax <a href="tel:(05405) 9805-20">(05405) 9805-20</a>, E-Mail: info@rietbrock.de</p>



<p class="wp-block-paragraph"><strong>Asprechpartner*in</strong><br>Anforderungen der TTPW-VO nicht erfüllt? Bitte Meldung per E-Mail an buero.osnabrueck@spd.de Kommunalwahl 2026</p>



<p class="wp-block-paragraph">Dieser Transparenzhinweis beinhaltet Informationen, die gemäß Art. 11 Abs. 1 und Art. 12 Abs. 1 der Verordnung (EU) 2024/900 vom 13. März 2024 über die Transparenz und das Targeting politischer Werbung (TTPW-VO) mit jeder politischen Werbung bereitgestellt werden müssen.</p>



<p class="wp-block-paragraph"></p>

<p>Angaben gemäß § 5 TMG: Sozialdemokratische Partei Deutschlands (SPD)SPD Ortsverein Eversburgvertreten durch: Heiko PanzerAnna-Marquard-Straße 249090 OsnabrückTelefon: 0151-70051737heiko.panzer@osnanet.de Verantwortlich für den Inhalt nach § 55 Abs. 2 RStV: Heiko PanzerAnna-Marquard-Straße 249090 Osnabrück Alle Texte, alle Fotos, alle Gestaltungselemente dieses Servers sind &#8211; sofern nicht ein anderer Urheberrechtsinhaber (bzw. Verwertungsberechtigter) angegeben ist &#8211; für SPD-Eversburg urheberrechtlich geschützt. &hellip; <a href="https://spd-eversburg.de/?page_id=61" class="more-link"><span class="screen-reader-text">„Impressum / Transparenzhinweis“ </span>weiterlesen</a></p>
