{"id":67,"date":"2020-03-29T12:29:46","date_gmt":"2020-03-29T12:29:46","guid":{"rendered":"http:\/\/spd-atter.de\/?page_id=67"},"modified":"2026-03-28T10:14:51","modified_gmt":"2026-03-28T10:14:51","slug":"ratsfraktion","status":"publish","type":"page","link":"https:\/\/spd-eversburg.de\/?page_id=67","title":{"rendered":"Ratsfraktion"},"content":{"rendered":"\n<h6 class=\"wp-block-heading\">S\u00e4mtliche aktuellen Themen, Antr\u00e4ge und Pressemeldungen finden Sie auf der Homepage der SPD-Ratsfraktion unter folgendem Link:<\/h6>\n\n\n\n<div class=\"wp-block-buttons is-layout-flex wp-block-buttons-is-layout-flex\">\n<div class=\"wp-block-button is-style-outline is-style-outline--1\"><a class=\"wp-block-button__link has-dark-gray-color has-light-blue-background-color has-text-color has-background has-link-color has-medium-font-size has-custom-font-size wp-element-button\" href=\"https:\/\/www.spdfraktion-osnabrueck.de\/\">zur Fraktionsseite<\/a><\/div>\n<\/div>\n\n\n\n<h6 class=\"wp-block-heading\">Mein pers\u00f6nliches Pressearchive finden Sie auf meinem Linkedin Profil:<\/h6>\n\n\n\n<div class=\"wp-block-buttons is-layout-flex wp-block-buttons-is-layout-flex\">\n<div class=\"wp-block-button is-style-outline is-style-outline--2\"><a class=\"wp-block-button__link has-dark-gray-color has-light-blue-background-color has-text-color has-background has-link-color has-medium-font-size has-custom-font-size wp-element-button\" href=\"https:\/\/www.linkedin.com\/in\/heiko-panzer-11b841273?utm_source=share&amp;utm_campaign=share_via&amp;utm_content=profile&amp;utm_medium=android_app\">Zum Linkedinprofil<\/a><\/div>\n<\/div>\n\n\n\n<hr class=\"wp-block-separator has-css-opacity is-style-wide\"\/>\n\n\n\n<figure class=\"wp-block-image size-large\"><img loading=\"lazy\" decoding=\"async\" width=\"1024\" height=\"680\" src=\"https:\/\/spd-eversburg.de\/wp-content\/uploads\/2021\/01\/2014-04-16_Rathaus_Stadtwaage_JaninArntzen_02-1024x680.jpg\" alt=\"\" class=\"wp-image-203\" srcset=\"https:\/\/spd-eversburg.de\/wp-content\/uploads\/2021\/01\/2014-04-16_Rathaus_Stadtwaage_JaninArntzen_02-1024x680.jpg 1024w, https:\/\/spd-eversburg.de\/wp-content\/uploads\/2021\/01\/2014-04-16_Rathaus_Stadtwaage_JaninArntzen_02-300x199.jpg 300w, https:\/\/spd-eversburg.de\/wp-content\/uploads\/2021\/01\/2014-04-16_Rathaus_Stadtwaage_JaninArntzen_02-768x510.jpg 768w, https:\/\/spd-eversburg.de\/wp-content\/uploads\/2021\/01\/2014-04-16_Rathaus_Stadtwaage_JaninArntzen_02-1536x1020.jpg 1536w, https:\/\/spd-eversburg.de\/wp-content\/uploads\/2021\/01\/2014-04-16_Rathaus_Stadtwaage_JaninArntzen_02-2048x1360.jpg 2048w, https:\/\/spd-eversburg.de\/wp-content\/uploads\/2021\/01\/2014-04-16_Rathaus_Stadtwaage_JaninArntzen_02-1200x797.jpg 1200w\" sizes=\"auto, (max-width: 709px) 85vw, (max-width: 909px) 67vw, (max-width: 1362px) 62vw, 840px\" \/><\/figure>\n\n\n\n<p><\/p>\n","protected":false},"excerpt":{"rendered":"<p>S\u00e4mtliche aktuellen Themen, Antr\u00e4ge und Pressemeldungen finden Sie auf der Homepage der SPD-Ratsfraktion unter folgendem Link: Mein pers\u00f6nliches Pressearchive finden Sie auf meinem Linkedin Profil:<\/p>\n","protected":false},"author":1,"featured_media":0,"parent":0,"menu_order":0,"comment_status":"closed","ping_status":"closed","template":"","meta":{"footnotes":""},"class_list":["post-67","page","type-page","status-publish","hentry"],"_links":{"self":[{"href":"https:\/\/spd-eversburg.de\/index.php?rest_route=\/wp\/v2\/pages\/67","targetHints":{"allow":["GET"]}}],"collection":[{"href":"https:\/\/spd-eversburg.de\/index.php?rest_route=\/wp\/v2\/pages"}],"about":[{"href":"https:\/\/spd-eversburg.de\/index.php?rest_route=\/wp\/v2\/types\/page"}],"author":[{"embeddable":true,"href":"https:\/\/spd-eversburg.de\/index.php?rest_route=\/wp\/v2\/users\/1"}],"replies":[{"embeddable":true,"href":"https:\/\/spd-eversburg.de\/index.php?rest_route=%2Fwp%2Fv2%2Fcomments&post=67"}],"version-history":[{"count":17,"href":"https:\/\/spd-eversburg.de\/index.php?rest_route=\/wp\/v2\/pages\/67\/revisions"}],"predecessor-version":[{"id":698,"href":"https:\/\/spd-eversburg.de\/index.php?rest_route=\/wp\/v2\/pages\/67\/revisions\/698"}],"wp:attachment":[{"href":"https:\/\/spd-eversburg.de\/index.php?rest_route=%2Fwp%2Fv2%2Fmedia&parent=67"}],"curies":[{"name":"wp","href":"https:\/\/api.w.org\/{rel}","templated":true}]}}